tors of 334859.
7, 47837
What are the prime factors of 269041?
269041
List the prime factors of 3242108.
2, 199, 4073
What are the prime factors of 2615444?
2, 13, 53, 73
What are the prime factors of 292864?
2, 11, 13
What are the prime factors of 917068?
2, 229267
List the prime factors of 21359.
13, 31, 53
List the prime factors of 8603068.
2, 47, 67, 683
What are the prime factors of 281469?
3, 17, 5519
What are the prime factors of 2546959?
2546959
What are the prime factors of 627713?
163, 3851
What are the prime factors of 14772782?
2, 7386391
What are the prime factors of 142268?
2, 7, 5081
What are the prime factors of 9626604?
2, 3, 13, 23, 2683
What are the prime factors of 225671?
225671
What are the prime factors of 20236103?
17, 1190359
List the prime factors of 124243.
7, 17749
What are the prime factors of 4307702?
2, 7, 307693
List the prime factors of 675229.
41, 43, 383
What are the prime factors of 383414?
2, 191707
What are the prime factors of 1762953?
3, 19, 157, 197
List the prime factors of 23407672.
2, 1483, 1973
What are the prime factors of 104888?
2, 7, 1873
List the prime factors of 6660015.
3, 5, 444001
List the prime factors of 228808.
2, 37, 773
List the prime factors of 4873163.
4873163
List the prime factors of 4922778.
2, 3, 7, 117209
What are the prime factors of 173136?
2, 3, 3607
List the prime factors of 1499164.
2, 131, 2861
What are the prime factors of 1594008?
2, 3, 13, 131
List the prime factors of 131403.
3, 43801
What are the prime factors of 9057701?
9057701
What are the prime factors of 292623?
3, 103, 947
List the prime factors of 13012682.
2, 19, 443, 773
List the prime factors of 15217867.
7, 2173981
List the prime factors of 451462.
2, 11, 20521
What are the prime factors of 49684?
2, 12421
List the prime factors of 1754791.
17, 109, 947
What are the prime factors of 2294851?
13, 37, 367
List the prime factors of 82673.
47, 1759
What are the prime factors of 5656077?
3, 7, 89779
What are the prime factors of 645811?
409, 1579
List the prime factors of 7414192.
2, 463387
What are the prime factors of 1984863?
3, 661621
List the prime factors of 9502939.
41, 231779
What are the prime factors of 1322353?
1069, 1237
What are the prime factors of 19618720?
2, 5, 11, 71, 157
What are the prime factors of 196144?
2, 13, 23, 41
What are the prime factors of 1277690?
2, 5, 67, 1907
List the prime factors of 11555502.
2, 3, 7, 275131
List the prime factors of 263667.
3, 179, 491
List the prime factors of 10084627.
7, 71, 103, 197
What are the prime factors of 237192?
2, 3, 9883
List the prime factors of 294216.
2, 3, 13, 23, 41
What are the prime factors of 10583139?
3, 7, 503959
What are the prime factors of 826692?
2, 3, 68891
What are the prime factors of 28650?
2, 3, 5, 191
List the prime factors of 415098.
2, 3, 7687
What are the prime factors of 2840362?
2, 7, 23, 8821
List the prime factors of 51301.
29, 61
What are the prime factors of 431280?
2, 3, 5, 599
List the prime factors of 36134.
2, 7, 29, 89
What are the prime factors of 289984?
2, 23, 197
List the prime factors of 387112.
2, 11, 53, 83
List the prime factors of 1667455.
5, 333491
What are the prime factors of 1825593?
3, 7, 11, 1129
List the prime factors of 240291.
3, 26699
List the prime factors of 23996570.
2, 5, 13, 197, 937
What are the prime factors of 1672836?
2, 3, 11, 19, 23, 29
List the prime factors of 7444091.
79, 94229
List the prime factors of 38109365.
5, 7, 1088839
What are the prime factors of 2208430?
2, 5, 7, 4507
List the prime factors of 127822.
2, 79, 809
List the prime factors of 912079.
7, 29, 4493
What are the prime factors of 976259?
17, 57427
List the prime factors of 3099304.
2, 13, 17, 1753
What are the prime factors of 9673352?
2, 13, 47, 1979
What are the prime factors of 1806887?
1806887
What are the prime factors of 3420697?
7, 61, 8011
List the prime factors of 9307997.
9307997
List the prime factors of 114388.
2, 28597
List the prime factors of 389375.
5, 7, 89
What are the prime factors of 8955818?
2, 283, 15823
List the prime factors of 775981.
61, 12721
What are the prime factors of 5708717?
7, 41, 19891
What are the prime factors of 79372?
2, 19843
List the prime factors of 79893.
3, 11, 269
What are the prime factors of 1266565?
5, 43, 137
List the prime factors of 205126.
2, 102563
What are the prime factors of 333464?
2, 73, 571
List the prime factors of 13918378.
2, 79, 137, 643
List the prime factors of 7243640.
2, 5, 47, 3853
List the prime factors of 135925.
5, 5437
List the prime factors of 892358.
2, 446179
List the prime factors of 389857.
13, 29989
List the prime factors of 7783675.
5, 311347
List the prime factors of 186690.
2, 3, 5, 7, 127
List the prime factors of 13816341.
3, 7, 11, 19937
What are the prime factors of 32184?
2, 3, 149
What are the prime factors of 1742455?
5, 11, 13, 2437
What are the prime factors of 556565?
5, 157, 709
What are the prime factors of 36107?
36107
List the prime factors of 3598977.
3, 1199659
What are the prime factors of 349166?
2, 174583
List the prime factors of 2164039.
2164039
List the prime factors of 447928.
2, 13, 59, 73
What are the prime factors of 270350?
2, 5, 5407
List the prime factors of 135853.
73, 1861
List the prime factors of 189760.
2, 5, 593
What are the prime factors of 87485?
5, 17497
What are the prime factors of 1435064?
2, 179383
List the prime factors of 3385170.
2, 3, 5, 29, 1297
What are the prime factors of 1416309?
3, 472103
List the prime factors of 13502010.
2, 3, 5, 450067
List the prime factors of 23072362.
2, 11536181
What are the prime factors of 714695?
5, 142939
List the prime factors of 318543.
3, 106181
What are the prime factors of 767140?
2, 5, 11, 317
List the prime factors of 130038.
2, 3, 21673
What are the prime factors of 1765107?
3, 43, 4561
What are the prime factors of 642387?
3, 214129
What are the prime factors of 123879?
3, 7, 17, 347
What are the prime factors of 2657582?
2, 337, 3943
What are the prime factors of 222936?
2, 3, 7, 1327
List the prime factors of 378506.
2, 189253
List the prime factors of 5923319.
5923319
List the prime factors of 7714361.
19, 23, 127, 139
What are the prime factors of 1376962?
2, 463, 1487
What are the prime factors of 612094?
2, 7, 43721
What are the prime factors of 12983640?
2, 3, 5, 257, 421
List the prime factors of 489647.
23, 61, 349
List the prime factors of 22036158.
2, 3, 408077
What are the prime factors of 6258233?
6258233
What are the prime factors of 2361564?
2, 3, 65599
List the prime factors of 1178490.
2, 3, 5, 163, 241
List the prime factors of 288247.
288247
What are the prime factors of 3225773?
23, 139, 1009
List the prime factors of 19535682.
2, 3, 281, 11587
What are the prime factors of 14891476?
2, 919, 4051
List the prime factors of 70794.
2, 3, 19, 23
What are the prime factors of 612438?
2, 3, 103, 991
List the prime factors of 16182005.
5, 7, 257
List the prime factors of 901446.
2, 3, 7, 13, 127
List the prime factors of 351163.
433, 811
List the prime factors of 142964.
2, 103, 347
List the prime factors of 21541130.
2, 5, 13, 165701
What are the prime factors of 336982?
2, 168491
What are the prime factors of 48689?
181, 269
What are the prime factors of 610128?
2, 3, 19, 223
List the prime factors of 7950.
2, 3, 5, 53
What are the prime factors of 14840073?
3, 41, 131, 307
What are the prime factors of 206841?
3, 68947
What are the prime factors of 250050?
2, 3, 5, 1667
List the prime factors of 3141459.
3, 349051
What are the prime factors of 275980?
2, 5, 13799
What are the prime factors of 7401191?
7, 61, 17333
List the prime factors of 35701579.
1669, 21391
List the prime factors of 233813.
61, 3833
List the prime factors of 40729.
13, 241
What are the prime factors of 93454?
2, 46727
What are the prime factors of 4389693?
3, 7, 11, 31, 613
List the prime factors of 10650610.
2, 5, 23, 46307
What are the prime factors of 504477?
3, 56053
What are the prime factors of 1365752?
2, 79, 2161
What are the prime factors of 388205?
5, 77641
List the prime factors of 2120899.
11, 23, 83, 101
What are the prime factors of 3918984?
2, 3, 283, 577
What are the prime factors of 125802?
2, 3, 29, 241
List the prime factors of 55502